322568 is divided by 387092?
16
What is the remainder when 15737291 is divided by 2248184?
3
What is the remainder when 43936 is divided by 4845?
331
What is the remainder when 102788 is divided by 48893?
5002
What is the remainder when 21524427 is divided by 16?
11
What is the remainder when 10498361 is divided by 5249177?
7
Calculate the remainder when 31011873 is divided by 41.
6
Calculate the remainder when 771253 is divided by 6267.
412
What is the remainder when 50917165 is divided by 2031?
2026
What is the remainder when 19475386 is divided by 11277?
7
What is the remainder when 363766102 is divided by 936?
934
What is the remainder when 1064066 is divided by 126?
122
What is the remainder when 66268624 is divided by 5865?
5854
Calculate the remainder when 4263734 is divided by 2344.
2342
What is the remainder when 3805036 is divided by 1077?
1072
Calculate the remainder when 9482024 is divided by 1234.
1202
What is the remainder when 1779527 is divided by 222409?
255
Calculate the remainder when 23630373 is divided by 231.
228
What is the remainder when 29121 is divided by 2634?
147
What is the remainder when 1222503 is divided by 699?
651
What is the remainder when 497822 is divided by 7560?
6422
What is the remainder when 118284347 is divided by 6916?
6915
Calculate the remainder when 39644 is divided by 1638.
332
Calculate the remainder when 1747117 is divided by 80.
77
What is the remainder when 4865869 is divided by 4865852?
17
Calculate the remainder when 589757 is divided by 298.
15
What is the remainder when 9080561 is divided by 59740?
81
What is the remainder when 60679295 is divided by 144?
143
What is the remainder when 441852 is divided by 441555?
297
Calculate the remainder when 47530273 is divided by 611.
583
Calculate the remainder when 106346272 is divided by 253.
252
What is the remainder when 47312768 is divided by 3424?
3360
Calculate the remainder when 372277532 is divided by 24.
20
Calculate the remainder when 1889869 is divided by 277.
175
Calculate the remainder when 15338987 is divided by 18.
17
What is the remainder when 3195223 is divided by 95?
88
Calculate the remainder when 358345 is divided by 23799.
1360
What is the remainder when 7295123 is divided by 40304?
99
What is the remainder when 11383990 is divided by 51?
25
What is the remainder when 3523102 is divided by 1761520?
62
What is the remainder when 422955 is divided by 7289?
193
What is the remainder when 15975 is divided by 5110?
645
What is the remainder when 28489073 is divided by 321?
2
Calculate the remainder when 1199931 is divided by 19046.
33
Calculate the remainder when 11880097 is divided by 4.
1
Calculate the remainder when 70580 is divided by 13681.
2175
Calculate the remainder when 154091 is divided by 590.
101
What is the remainder when 913074 is divided by 14?
8
Calculate the remainder when 45826983 is divided by 45826895.
88
What is the remainder when 290267 is divided by 2042?
303
Calculate the remainder when 222010 is divided by 918.
772
What is the remainder when 2833444 is divided by 4448?
68
What is the remainder when 106955255 is divided by 892?
887
Calculate the remainder when 2091520 is divided by 261440.
0
What is the remainder when 954129 is divided by 99?
66
Calculate the remainder when 1647733 is divided by 4776.
13
Calculate the remainder when 7615647 is divided by 32.
31
What is the remainder when 12084420 is divided by 97454?
124
Calculate the remainder when 150355 is divided by 34.
7
What is the remainder when 2060 is divided by 260?
240
Calculate the remainder when 949217 is divided by 18254.
9
What is the remainder when 19858890 is divided by 4964710?
50
Calculate the remainder when 55732739 is divided by 5573272.
19
What is the remainder when 21089 is divided by 2870?
999
What is the remainder when 1160200 is divided by 583?
30
Calculate the remainder when 10099705 is divided by 266.
217
Calculate the remainder when 79529671 is divided by 56364.
67
Calculate the remainder when 2114305 is divided by 4470.
4465
What is the remainder when 214096 is divided by 106914?
268
What is the remainder when 52416470 is divided by 8494?
8490
What is the remainder when 8125 is divided by 1619?
30
Calculate the remainder when 1588858 is divided by 3765.
28
What is the remainder when 2759306 is divided by 242?
22
Calculate the remainder when 1272798 is divided by 2477.
2097
Calculate the remainder when 82823 is divided by 10348.
39
What is the remainder when 19476508 is divided by 6492169?
1
What is the remainder when 5262661 is divided by 225?
136
Calculate the remainder when 18932758 is divided by 1540.
1538
Calculate the remainder when 12137631 is divided by 3034385.
91
Calculate the remainder when 154971024 is divided by 358.
342
Calculate the remainder when 34707270 is divided by 26616.
6
Calculate the remainder when 103197 is divided by 213.
105
What is the remainder when 17397769 is divided by 5799256?
1
What is the remainder when 11458527 is divided by 144?
15
What is the remainder when 20122207 is divided by 5030548?
15
Calculate the remainder when 53047785 is divided by 187448.
1
Calculate the remainder when 53646326 is divided by 69.
68
Calculate the remainder when 344705 is divided by 67.
57
Calculate the remainder when 1152230 is divided by 383926.
452
What is the remainder when 18924 is divided by 5060?
3744
What is the remainder when 43747821 is divided by 30?
21
Calculate the remainder when 6150369 is divided by 1634.
1627
Calculate the remainder when 19849784 is divided by 1916.
24
What is the remainder when 58882 is divided by 206?
172
Calculate the remainder when 32051704 is divided by 12150.
4
Calculate the remainder when 274251 is divided by 91274.
429
What is the remainder when 2813737 is divided by 2451?
2440
Calculate the remainder when 6866888 is divided by 173.
172
Calculate the remainder when 1246211 is divided by 1246195.
16
What is the remainder when 742753 is divided by 2524?
697
Calculate the remainder when 2790511 is divided by 500.
11
Calculate the remainder when 268902 is divided by 44817.
0
Calculate the remainder when 617048 is divided by 122596.
4068
What is the remainder when 86352 is divided by 908?
92
Calculate the remainder when 592855 is divided by 156.
55
What is the remainder when 2692195 is divided by 9971?
25
Calculate the remainder when 36788831 is divided by 87.
11
Calculate the remainder when 75345526 is divided by 4688.
4678
What is the remainder when 154552489 is divided by 6356?
6349
Calculate the remainder when 121930314 is divided by 1493.
1483
Calculate the remainder when 1686742 is divided by 150.
142
What is the remainder when 184934 is divided by 100?
34
Calculate the remainder when 483521 is divided by 19311.
746
What is the remainder when 62932 is divided by 56973?
5959
Calculate the remainder when 37753 is divided by 18711.
331
Calculate the remainder when 7623262 is divided by 22554.
10
What is the remainder when 2938587 is divided by 243?
231
What is the remainder when 35299 is divided by 17647?
5
What is the remainder when 92687029 is divided by 618?
7
Calculate the remainder when 5792 is divided by 437.
111
Calculate the remainder when 7769260 is divided by 90340.
20
Calculate the remainder when 40105772 is divided by 11720.
11652
Calculate the remainder when 1170737 is divided by 387398.
8543
What is the remainder when 284277 is divided by 35505?
237
Calculate the remainder when 52354 is divided by 4864.
3714
What is the remainder when 776536 is divided by 126?
124
Calculate the remainder when 131910301 is divided by 695.
691
What is the remainder when 6289695 is divided by 198?
27
What is the remainder when 3956487 is divided by 989119?
11
What is the remainder when 218368048 is divided by 14?
10
Calculate the remainder when 3520806 is divided by 1440.
6
Calculate the remainder when 4407902 is divided by 921.
917
Calculate the remainder when 30371005 is divided by 313103.
14
Calculate the remainder when 242927772 is divided by 833.
815
Calculate the remainder when 198138 is divided by 49518.
66
What is the remainder when 2087746594 is divided by 351?
349
Calculate the remainder when 52278367 is divided by 2006.
1
What is the remainder when 24979358 is divided 